{"id":6242,"date":"2021-10-30T11:24:24","date_gmt":"2021-10-30T09:24:24","guid":{"rendered":"\/?post_type=product&#038;p=6242"},"modified":"2026-01-04T10:12:15","modified_gmt":"2026-01-04T09:12:15","slug":"rohema-junior-sticks","status":"publish","type":"product","link":"https:\/\/www.trommelmanufaktur.ch\/product\/rohema-junior-sticks\/","title":{"rendered":"Rohema Junior Sticks"},"content":{"rendered":"<p>Die Rohema Junior Sticks sind perfekt geeignet f\u00fcr kleinere Kinder. Durch die verminderte L\u00e4nge und das geringere Gewicht sind diese Drumsticks sehr einfach zu handhaben. Haltbares American Hickory verzeiht auch Kantenschl\u00e4ge. Somit gew\u00e4hrleisten diese Kindertrommelst\u00f6cke eine hohe Haltbarkeit.<\/p>\n<ul>\n<li>Holz: Amerikanisches Hickory<\/li>\n<li>Kopf: eichelf\u00f6rmig<\/li>\n<li>L\u00e4nge: 330mm<\/li>\n<li>\u2300 Schaft: 13.5mm<\/li>\n<li>Gewicht: mittel<\/li>\n<li>Oberfl\u00e4che: lackiert<\/li>\n<\/ul>\n\n<h2 class=\"wp-block-heading\">Hickory<\/h2>\n\n\n\n<p><a href=\"https:\/\/de.wikipedia.org\/wiki\/Hickory_(Pflanze)\" target=\"_blank\" rel=\"noreferrer noopener\">Hickoryb\u00e4ume<\/a> geh\u00f6ren zur Familie der Walnussgew\u00e4chse und kommen in Nordamerika und Ostasien vor. Das Holz ist sehr hart und belastbar. Es wird u.a. f\u00fcr die Herstellung von Werkzeugstielen und auch Drumsticks benutzt.<\/p>\n\n\n<h2 class=\"wp-block-heading\">Rohema Percussion<\/h2>\n\n\n\n<p>Die Drumsticks der Firma <a href=\"https:\/\/www.rohema.de\/\" target=\"_blank\" rel=\"noreferrer noopener\">Rohema Percussion<\/a> werden im Familienbetrieb in <a href=\"https:\/\/de.wikipedia.org\/wiki\/Markneukirchen\" target=\"_blank\" rel=\"noreferrer noopener\">Markneukirchen (D)<\/a> seit 1888 in der f\u00fcnften Generation hergestellt. Rohema ist der gr\u00f6sste Drumstick-Hersteller in Europa und legt grossen Wert auf Qualit\u00e4t. Jedes St\u00fcck Holz wird vor der Herstellung gewogen und so sortiert. Die Stick-Paare werden nicht nur nach Gewicht, sondern auch nach Klang sortiert.<\/p>\n\n","protected":false},"excerpt":{"rendered":"<p>Die Rohema Junior Sticks sind perfekt geeignet f\u00fcr kleinere Kinder. Durch die verminderte L\u00e4nge und das geringere Gewicht sind diese Drumsticks sehr einfach zu handhaben. Haltbares American Hickory verzeiht auch Kantenschl\u00e4ge. Somit gew\u00e4hrleisten diese Kindertrommelst\u00f6cke eine hohe Haltbarkeit. Holz: Amerikanisches Hickory Kopf: eichelf\u00f6rmig L\u00e4nge: 330mm \u2300 Schaft: 13.5mm Gewicht: mittel Oberfl\u00e4che: lackiert<\/p>\n","protected":false},"featured_media":6232,"template":"","meta":[],"product_brand":[],"product_cat":[285,75],"product_tag":[],"class_list":{"0":"post-6242","1":"product","2":"type-product","3":"status-publish","4":"has-post-thumbnail","6":"product_cat-labelable-sticks","7":"product_cat-drumsticks","8":"product_shipping_class-letter-large","10":"first","11":"instock","12":"shipping-taxable","13":"purchasable","14":"product-type-simple"},"_links":{"self":[{"href":"https:\/\/www.trommelmanufaktur.ch\/wp-json-api\/wp\/v2\/product\/6242","targetHints":{"allow":["GET"]}}],"collection":[{"href":"https:\/\/www.trommelmanufaktur.ch\/wp-json-api\/wp\/v2\/product"}],"about":[{"href":"https:\/\/www.trommelmanufaktur.ch\/wp-json-api\/wp\/v2\/types\/product"}],"wp:featuredmedia":[{"embeddable":true,"href":"https:\/\/www.trommelmanufaktur.ch\/wp-json-api\/wp\/v2\/media\/6232"}],"wp:attachment":[{"href":"https:\/\/www.trommelmanufaktur.ch\/wp-json-api\/wp\/v2\/media?parent=6242"}],"wp:term":[{"taxonomy":"product_brand","embeddable":true,"href":"https:\/\/www.trommelmanufaktur.ch\/wp-json-api\/wp\/v2\/product_brand?post=6242"},{"taxonomy":"product_cat","embeddable":true,"href":"https:\/\/www.trommelmanufaktur.ch\/wp-json-api\/wp\/v2\/product_cat?post=6242"},{"taxonomy":"product_tag","embeddable":true,"href":"https:\/\/www.trommelmanufaktur.ch\/wp-json-api\/wp\/v2\/product_tag?post=6242"}],"curies":[{"name":"wp","href":"https:\/\/api.w.org\/{rel}","templated":true}]}}