{"id":2420,"date":"2017-11-01T15:05:06","date_gmt":"2017-11-01T14:05:06","guid":{"rendered":"https:\/\/www.trommelmanufaktur.ch\/?post_type=product&#038;p=2420"},"modified":"2025-09-21T14:23:43","modified_gmt":"2025-09-21T12:23:43","slug":"kalbfell-40cm-weiss","status":"publish","type":"product","link":"https:\/\/www.trommelmanufaktur.ch\/product\/kalbfell-40cm-weiss\/","title":{"rendered":"Kalbfell 40cm, weiss"},"content":{"rendered":"<p>Die Trommelmanufaktur-Kalbfelle stammen aus den USA wo sie mit viel Erfahrung als Trommelfell selektioniert und vorbereitet werden. Die Felle werden anschliessend in der Schweiz in einen Alureif eingefalzt, welcher auf Wunsch auch beige oder dunkelbraun bemalt erh\u00e4ltlich ist, z.B. f\u00fcr Holztrommeln.<\/p>\n<p>Dieses Fell hat eine weisse Oberfl\u00e4che.<\/p>\n\n<h2 class=\"wp-block-heading\">Naturfelle<\/h2>\n\n\n\n<p>Bei diesem Fell handelt es sich um ein Naturprodukt. Jedes dieser Felle ist individuell und hat seine eigenen Eigenschaften. Die klimatischen Bedingungen denen das Fells w\u00e4hrend der Lagerung als auch w\u00e4hrend des Gebrauchs ausgesetzt sind haben ebenfalls einen grossen Einfluss. Wir k\u00f6nnen deshalb keine Garantie auf die Spieleigenschaften des Fells sowie dessen Haltbarkeit geben. Sollte ein von uns bezogenes Fell nachweislich wegen eines Fertigungsfehlers ausserordentlich schnell reissen, <a href=\"\/impressum\/\">kontaktieren<\/a> Sie uns bitte.<\/p>\n\n","protected":false},"excerpt":{"rendered":"<p>Die Trommelmanufaktur-Kalbfelle stammen aus den USA wo sie mit viel Erfahrung als Trommelfell selektioniert und vorbereitet werden. Die Felle werden anschliessend in der Schweiz in einen Alureif eingefalzt, welcher auf Wunsch auch beige oder dunkelbraun bemalt erh\u00e4ltlich ist, z.B. f\u00fcr Holztrommeln. Dieses Fell hat eine weisse Oberfl\u00e4che.<\/p>\n","protected":false},"featured_media":3255,"template":"","meta":[],"product_brand":[],"product_cat":[41],"product_tag":[],"class_list":{"0":"post-2420","1":"product","2":"type-product","3":"status-publish","4":"has-post-thumbnail","6":"product_cat-felle","8":"first","9":"instock","10":"shipping-taxable","11":"purchasable","12":"product-type-variable"},"_links":{"self":[{"href":"https:\/\/www.trommelmanufaktur.ch\/wp-json-api\/wp\/v2\/product\/2420","targetHints":{"allow":["GET"]}}],"collection":[{"href":"https:\/\/www.trommelmanufaktur.ch\/wp-json-api\/wp\/v2\/product"}],"about":[{"href":"https:\/\/www.trommelmanufaktur.ch\/wp-json-api\/wp\/v2\/types\/product"}],"wp:featuredmedia":[{"embeddable":true,"href":"https:\/\/www.trommelmanufaktur.ch\/wp-json-api\/wp\/v2\/media\/3255"}],"wp:attachment":[{"href":"https:\/\/www.trommelmanufaktur.ch\/wp-json-api\/wp\/v2\/media?parent=2420"}],"wp:term":[{"taxonomy":"product_brand","embeddable":true,"href":"https:\/\/www.trommelmanufaktur.ch\/wp-json-api\/wp\/v2\/product_brand?post=2420"},{"taxonomy":"product_cat","embeddable":true,"href":"https:\/\/www.trommelmanufaktur.ch\/wp-json-api\/wp\/v2\/product_cat?post=2420"},{"taxonomy":"product_tag","embeddable":true,"href":"https:\/\/www.trommelmanufaktur.ch\/wp-json-api\/wp\/v2\/product_tag?post=2420"}],"curies":[{"name":"wp","href":"https:\/\/api.w.org\/{rel}","templated":true}]}}