{"id":1698,"date":"2017-07-09T20:21:51","date_gmt":"2017-07-09T18:21:51","guid":{"rendered":"https:\/\/www.trommelmanufaktur.ch\/?post_type=product&#038;p=1698"},"modified":"2026-04-28T20:50:09","modified_gmt":"2026-04-28T18:50:09","slug":"trommelseil-hanf","status":"publish","type":"product","link":"https:\/\/www.trommelmanufaktur.ch\/product\/trommelseil-hanf\/","title":{"rendered":"Trommelseil Hanf"},"content":{"rendered":"<p>Unsere Hanfseile sind standardm\u00e4ssig mit einer Kevlareinlage versehen um das Seil zu verst\u00e4rken und ein Ausdehnen beim Spannen zu verhindern. Die Seile sind auf einer Seite mit einer Schlaufe versehen.<\/p>\n<p>Weitere Seill\u00e4ngen und gebleichte Hanfseile sind <a href=\"\/impressum\/\">auf Anfrage<\/a> erh\u00e4ltlich.<\/p>\n\n<h2 class=\"wp-block-heading\">Empfohlene Seill\u00e4ngen<\/h2>\n\n\n\n<figure class=\"wp-block-table\"><table class=\"has-fixed-layout\"><tbody><tr><th>Trommel<\/th><th>empfohlene Seill\u00e4nge<\/th><\/tr><tr><td>Milit\u00e4r-Paradetrommel (10-Loch)<\/td><td>11m<\/td><\/tr><tr><td>Baslertrommel 3\/4 (10-Loch)<\/td><td>12.4m<\/td><\/tr><tr><td>Baslertrommel 4\/4 (11-Loch)<\/td><td>14.2m<\/td><\/tr><tr><td>Baslertrommel 4\/4 (12-Loch)<\/td><td>15.2m<\/td><\/tr><tr><td>Baslertrommel 5\/4 (12-Loch)<\/td><td>16m<\/td><\/tr><\/tbody><\/table><\/figure>\n\n\n\n<p>Abh\u00e4ngig vom Material sind ggf. nicht alle L\u00e4ngen verf\u00fcgbar.<\/p>\n\n","protected":false},"excerpt":{"rendered":"<p>Unsere Hanfseile sind standardm\u00e4ssig mit einer Kevlareinlage versehen um das Seil zu verst\u00e4rken und ein Ausdehnen beim Spannen zu verhindern. Die Seile sind auf einer Seite mit einer Schlaufe versehen. Weitere Seill\u00e4ngen und gebleichte Hanfseile sind auf Anfrage erh\u00e4ltlich.<\/p>\n","protected":false},"featured_media":4607,"template":"","meta":[],"product_brand":[],"product_cat":[206],"product_tag":[],"class_list":{"0":"post-1698","1":"product","2":"type-product","3":"status-publish","4":"has-post-thumbnail","6":"product_cat-seile","8":"first","9":"instock","10":"shipping-taxable","11":"purchasable","12":"product-type-variable"},"_links":{"self":[{"href":"https:\/\/www.trommelmanufaktur.ch\/wp-json-api\/wp\/v2\/product\/1698","targetHints":{"allow":["GET"]}}],"collection":[{"href":"https:\/\/www.trommelmanufaktur.ch\/wp-json-api\/wp\/v2\/product"}],"about":[{"href":"https:\/\/www.trommelmanufaktur.ch\/wp-json-api\/wp\/v2\/types\/product"}],"wp:featuredmedia":[{"embeddable":true,"href":"https:\/\/www.trommelmanufaktur.ch\/wp-json-api\/wp\/v2\/media\/4607"}],"wp:attachment":[{"href":"https:\/\/www.trommelmanufaktur.ch\/wp-json-api\/wp\/v2\/media?parent=1698"}],"wp:term":[{"taxonomy":"product_brand","embeddable":true,"href":"https:\/\/www.trommelmanufaktur.ch\/wp-json-api\/wp\/v2\/product_brand?post=1698"},{"taxonomy":"product_cat","embeddable":true,"href":"https:\/\/www.trommelmanufaktur.ch\/wp-json-api\/wp\/v2\/product_cat?post=1698"},{"taxonomy":"product_tag","embeddable":true,"href":"https:\/\/www.trommelmanufaktur.ch\/wp-json-api\/wp\/v2\/product_tag?post=1698"}],"curies":[{"name":"wp","href":"https:\/\/api.w.org\/{rel}","templated":true}]}}