{"id":2211,"date":"2017-09-07T22:32:04","date_gmt":"2017-09-07T20:32:04","guid":{"rendered":"https:\/\/www.trommelmanufaktur.ch\/?page_id=2211"},"modified":"2024-04-10T07:40:51","modified_gmt":"2024-04-10T05:40:51","slug":"occasionen","status":"publish","type":"page","link":"https:\/\/www.trommelmanufaktur.ch\/angebot\/occasionen\/","title":{"rendered":"Occasionstrommeln"},"content":{"rendered":"\n<p>Neben der Herstellung neuer Trommeln kaufen, revidieren und verkaufen wir auch gebrauchte Trommeln. Die Trommeln werden wenn n\u00f6tig zerlegt und gereinigt. Dabei werden s\u00e4mtliche defekte Bestandteile repariert oder ersetzt, sodass die revidierte Trommel akustisch wieder auf dem h\u00f6chstm\u00f6glichen Niveau ist. Gr\u00f6ssere optische M\u00e4ngel werden ausgebessert sowie schmutzige Seile gewaschen.<\/p>\n\n\n\n<p>Falls Sie eine oder mehrere nicht mehr ben\u00f6tigte Trommeln verkaufen m\u00f6chten, freuen wir uns \u00fcber eine <a href=\"\/impressum\/\">Kontaktaufnahme ihrerseits<\/a>.<\/p>\n\n\n\n<h2 class=\"wp-block-heading\">Angebote<\/h2>\n\n\n\n<p>Aktuell haben wir folgende Gebrauchtinstrumente im Angebot:<\/p>\n\n\n<p>Keine Produkte gefunden, die Ihrer Auswahl entsprechen.<\/p><div class=\"clear\"><\/div>\n\n\n<span class=\"clearfix\"><\/span>\n\n\n\n<h2 class=\"wp-block-heading\">Gew\u00fcnschte Trommel nicht gefunden?<\/h2>\n\n\n<div  class='av_promobox av-av_promobox-31c9ddc6af2ca6f8512c58c04d0d5cf4 avia-button-yes  mosla_offer_request'><div class='avia-promocontent'><p>Wir haben zahlreiche Trommeln lagernd, welche noch nicht revidiert und erfasst sind. Gerne schauen wir f\u00fcr Sie in unserem Lager nach. Bitte beschreiben Sie m\u00f6glichst genau, was Sie suchen. Bei Unklarheiten und Fragen beraten wir Sie nat\u00fcrlich unverbindlich. Gerne auch <a href=\"\/impressum\/\">per Telefon oder bei einem Termin vor Ort<\/a>.<\/p>\n<\/div><div  class='avia-button-wrap av-av_button-92b2726a95548a82beb839a2a8033806-wrap avia-button-right  mosla_offer_request'><a href='mailto:info@trommelmanufaktur.ch?subject=Offertanfrage%20Occasion'  class='avia-button av-av_button-92b2726a95548a82beb839a2a8033806 av-link-btn avia-icon_select-yes-left-icon avia-size-small avia-position-right avia-color-theme-color'   aria-label=\"Offerte per E-Mail anfordern\"><span class='avia_button_icon avia_button_icon_left avia-iconfont avia-font-entypo-fontello' data-av_icon='\ue805' data-av_iconfont='entypo-fontello' ><\/span><span class='avia_iconbox_title' >Offerte per E-Mail anfordern<\/span><\/a><\/div><\/div><span class=\"clearfix\"><\/span>\n","protected":false},"excerpt":{"rendered":"<p>Neben der Herstellung neuer Trommeln kaufen, revidieren und verkaufen wir auch gebrauchte Trommeln. Die Trommeln werden wenn n\u00f6tig zerlegt und gereinigt. Dabei werden s\u00e4mtliche defekte Bestandteile repariert oder ersetzt, sodass die revidierte Trommel akustisch wieder auf dem h\u00f6chstm\u00f6glichen Niveau ist. Gr\u00f6ssere optische M\u00e4ngel werden ausgebessert sowie schmutzige Seile gewaschen. Falls Sie eine oder mehrere nicht [&hellip;]<\/p>\n","protected":false},"author":4,"featured_media":0,"parent":2,"menu_order":0,"comment_status":"closed","ping_status":"closed","template":"","meta":{"footnotes":""},"class_list":["post-2211","page","type-page","status-publish","hentry"],"_links":{"self":[{"href":"https:\/\/www.trommelmanufaktur.ch\/wp-json-api\/wp\/v2\/pages\/2211","targetHints":{"allow":["GET"]}}],"collection":[{"href":"https:\/\/www.trommelmanufaktur.ch\/wp-json-api\/wp\/v2\/pages"}],"about":[{"href":"https:\/\/www.trommelmanufaktur.ch\/wp-json-api\/wp\/v2\/types\/page"}],"author":[{"embeddable":true,"href":"https:\/\/www.trommelmanufaktur.ch\/wp-json-api\/wp\/v2\/users\/4"}],"replies":[{"embeddable":true,"href":"https:\/\/www.trommelmanufaktur.ch\/wp-json-api\/wp\/v2\/comments?post=2211"}],"version-history":[{"count":28,"href":"https:\/\/www.trommelmanufaktur.ch\/wp-json-api\/wp\/v2\/pages\/2211\/revisions"}],"predecessor-version":[{"id":7149,"href":"https:\/\/www.trommelmanufaktur.ch\/wp-json-api\/wp\/v2\/pages\/2211\/revisions\/7149"}],"up":[{"embeddable":true,"href":"https:\/\/www.trommelmanufaktur.ch\/wp-json-api\/wp\/v2\/pages\/2"}],"wp:attachment":[{"href":"https:\/\/www.trommelmanufaktur.ch\/wp-json-api\/wp\/v2\/media?parent=2211"}],"curies":[{"name":"wp","href":"https:\/\/api.w.org\/{rel}","templated":true}]}}