{"id":1004,"date":"2017-03-08T21:46:30","date_gmt":"2017-03-08T20:46:30","guid":{"rendered":"https:\/\/www.trommelmanufaktur.ch\/?page_id=1004"},"modified":"2022-10-23T16:59:30","modified_gmt":"2022-10-23T14:59:30","slug":"service","status":"publish","type":"page","link":"https:\/\/www.trommelmanufaktur.ch\/angebot\/service\/","title":{"rendered":"Service"},"content":{"rendered":"\n<p>In unserer Werkstatt (Besuche nur nach <a href=\"\/impressum\/\">Absprache<\/a>) bieten wir Ihnen die ganze Bandbreite an Serviceleistungen wie z.B. Fellwechsel, Schr\u00e4nken, Stimmen, Komplettrevisionen und Restaurationen von Baslertrommeln und einer Vielzahl an Percussions- und Schlaginstrumenten.<\/p>\n\n\n\n<h2 class=\"wp-block-heading\">Preise<\/h2>\n\n\n\n<p>F\u00fcr gewisse Arbeiten haben wir Pauschalpreise festgelegt. Sonstige Arbeiten werden nach Aufwand abgerechnet.<\/p>\n\n\n\n<figure class=\"wp-block-table\"><table><tbody><tr><th>&nbsp;<\/th><th>Leistungen<\/th><th>Preis<\/th><\/tr><tr><th>Trommel schr\u00e4nken<\/th><td>Trommel schr\u00e4nken auf Schr\u00e4nkbock<\/td><td>CHF 50.\u2014<\/td><\/tr><tr><th>Fellwechsel einseitig und schr\u00e4nken<\/th><td>Wechsel Schlag- oder Saitenfell, Trommel montieren und schr\u00e4nken<\/td><td>CHF 70.\u2014 (exkl. Fell)<\/td><\/tr><tr><th>Fellwechsel beidseitig und schr\u00e4nken<\/th><td>Wechsel Schlag- und Saitenfell, Trommel montieren und schr\u00e4nken<\/td><td>CHF 80.\u2014 (exkl. Fell)<\/td><\/tr><tr><th>Sonstige Reparaturen und Arbeiten<\/th><td>S\u00e4mtliche Arbeiten f\u00fcr die kein Pauschalpreis gilt, z.B. Wechsel von Seilen, Struppen, Reifen, Saiten etc.<\/td><td>CHF 85.\u2014 pro Stunde (exkl. Material)<\/td><\/tr><\/tbody><\/table><\/figure>\n\n\n<div  class='av_promobox av-av_promobox-1b6fe9f64097ef3b764372eee2ded5d1 avia-button-yes  mosla_offer_request'><div class='avia-promocontent'><p>Haben Sie eine alte Trommel zu restaurieren oder zu reparieren und m\u00f6chten wissen, ob sich der Aufwand lohnt? Bei Unklarheiten und Fragen beraten wir Sie nat\u00fcrlich unverbindlich. Gerne auch per <a href=\"\/impressum\/\">per Telefon oder bei einem Termin vor Ort<\/a>.<\/p>\n<\/div><div  class='avia-button-wrap av-av_button-50225659c13a7397aaff9ef0593497c6-wrap avia-button-right  mosla_offer_request'><a href='mailto:info@trommelmanufaktur.ch?subject=Offertanfrage%20Reparatur'  class='avia-button av-av_button-50225659c13a7397aaff9ef0593497c6 av-link-btn avia-icon_select-yes-left-icon avia-size-small avia-position-right avia-color-theme-color'   aria-label=\"Offerte per E-Mail anfordern\"><span class='avia_button_icon avia_button_icon_left avia-iconfont avia-font-entypo-fontello' data-av_icon='\ue805' data-av_iconfont='entypo-fontello' ><\/span><span class='avia_iconbox_title' >Offerte per E-Mail anfordern<\/span><\/a><\/div><\/div><span class=\"clearfix\"><\/span>\n","protected":false},"excerpt":{"rendered":"<p>In unserer Werkstatt (Besuche nur nach Absprache) bieten wir Ihnen die ganze Bandbreite an Serviceleistungen wie z.B. Fellwechsel, Schr\u00e4nken, Stimmen, Komplettrevisionen und Restaurationen von Baslertrommeln und einer Vielzahl an Percussions- und Schlaginstrumenten. Preise F\u00fcr gewisse Arbeiten haben wir Pauschalpreise festgelegt. Sonstige Arbeiten werden nach Aufwand abgerechnet. &nbsp; Leistungen Preis Trommel schr\u00e4nken Trommel schr\u00e4nken auf Schr\u00e4nkbock [&hellip;]<\/p>\n","protected":false},"author":4,"featured_media":0,"parent":2,"menu_order":0,"comment_status":"closed","ping_status":"closed","template":"","meta":{"footnotes":""},"class_list":["post-1004","page","type-page","status-publish","hentry"],"_links":{"self":[{"href":"https:\/\/www.trommelmanufaktur.ch\/wp-json-api\/wp\/v2\/pages\/1004","targetHints":{"allow":["GET"]}}],"collection":[{"href":"https:\/\/www.trommelmanufaktur.ch\/wp-json-api\/wp\/v2\/pages"}],"about":[{"href":"https:\/\/www.trommelmanufaktur.ch\/wp-json-api\/wp\/v2\/types\/page"}],"author":[{"embeddable":true,"href":"https:\/\/www.trommelmanufaktur.ch\/wp-json-api\/wp\/v2\/users\/4"}],"replies":[{"embeddable":true,"href":"https:\/\/www.trommelmanufaktur.ch\/wp-json-api\/wp\/v2\/comments?post=1004"}],"version-history":[{"count":16,"href":"https:\/\/www.trommelmanufaktur.ch\/wp-json-api\/wp\/v2\/pages\/1004\/revisions"}],"predecessor-version":[{"id":6599,"href":"https:\/\/www.trommelmanufaktur.ch\/wp-json-api\/wp\/v2\/pages\/1004\/revisions\/6599"}],"up":[{"embeddable":true,"href":"https:\/\/www.trommelmanufaktur.ch\/wp-json-api\/wp\/v2\/pages\/2"}],"wp:attachment":[{"href":"https:\/\/www.trommelmanufaktur.ch\/wp-json-api\/wp\/v2\/media?parent=1004"}],"curies":[{"name":"wp","href":"https:\/\/api.w.org\/{rel}","templated":true}]}}